{"id":20,"date":"2025-02-07T16:36:33","date_gmt":"2025-02-07T15:36:33","guid":{"rendered":"http:\/\/localhost:8888\/?page_id=20"},"modified":"2025-03-20T15:58:32","modified_gmt":"2025-03-20T14:58:32","slug":"sindrome-de-myhre","status":"publish","type":"page","link":"https:\/\/asmemyhre.es\/index.php\/sindrome-de-myhre\/","title":{"rendered":"S\u00edndrome de Myhre"},"content":{"rendered":"\n<h1 class=\"wp-block-heading\">S\u00edndrome de Myhre<\/h1>\n\n\n\n<h3 class=\"wp-block-heading\">Descripci\u00f3n general<\/h3>\n\n\n\n<p>El s\u00edndrome de Myhre es un trastorno gen\u00e9tico extremadamente raro causado por una mutaci\u00f3n en el gen SMAD4. Las mutaciones que producen el s\u00edndrome, generalmente, son causadas <em>de novo<\/em> produci\u00e9ndose por primera vez en la persona afectada y sin ser heredadas por parte de los padres. Su transmisi\u00f3n es autos\u00f3mica dominante, por lo que, con solo una copia de la mutaci\u00f3n en el gen es suficiente para expresar la condici\u00f3n.<\/p>\n\n\n\n<p>Las mutaciones descritas en el s\u00edndrome de Myhre producen una ganancia de funci\u00f3n, es decir, una sobreexpresi\u00f3n del gen. El gen SMAD4 est\u00e1 implicado en la se\u00f1alizaci\u00f3n celular y en el desarrollo y mantenimiento del tejido conectivo, por lo que su afectaci\u00f3n repercute en el correcto desarrollo de m\u00faltiples \u00f3rganos.<\/p>\n\n\n\n<p>Se estima que su prevalencia es de una persona por cada mill\u00f3n. En Espa\u00f1a est\u00e1n diagnosticados, aproximadamente, 18 casos y en todo el mundo se han descrito unos 200 casos en total.&nbsp;<\/p>\n\n\n\n<h3 class=\"wp-block-heading\">S\u00edntomas y diagn\u00f3stico<\/h3>\n\n\n\n<p>El s\u00edndrome de Myhre es un trastorno del tejido conectivo, tejido que une y protege los distintos \u00f3rganos del cuerpo, por lo que su afectaci\u00f3n es multisist\u00e9mica aunque sus s\u00edntomas son muy variables entre las personas afectadas.&nbsp;<\/p>\n\n\n\n<p>Las caracter\u00edsticas m\u00e1s comunes son:<\/p>\n\n\n\n<ul class=\"wp-block-list\">\n<li>Baja estatura<\/li>\n\n\n\n<li>Movilidad articular limitada<\/li>\n\n\n\n<li>Fibrosis en los tejidos (endurecimiento de la piel y \u00f3rganos)<\/li>\n\n\n\n<li>Rasgos faciales caracter\u00edsticos<\/li>\n\n\n\n<li>P\u00e9rdida de visi\u00f3n y audici\u00f3n<\/li>\n\n\n\n<li>Afectaci\u00f3n cognitiva&nbsp; y de comportamiento&nbsp;<\/li>\n\n\n\n<li>Anomal\u00edas card\u00edacas<\/li>\n\n\n\n<li>Afectaci\u00f3n sistema respiratorio<\/li>\n\n\n\n<li>Afectaci\u00f3n sistema digestivo<\/li>\n\n\n\n<li>Crecimiento intrauterino retardado<\/li>\n<\/ul>\n\n\n\n<p>Actualmente el diagn\u00f3stico de la enfermedad se realiza a trav\u00e9s de una prueba gen\u00e9tica que secuencia las regiones de distintos genes del exoma completo de la persona.<\/p>\n\n\n\n<p>Las alteraciones en la secuencia del gen SMAD4 en la posici\u00f3n Arg 496 (que se convierte en cisteina) o la Ile 500 (que puede pasar a Val, Thr, Met o Leu), provocan la s\u00edntesis de un amino\u00e1cido incorrecto. Los amino\u00e1cidos son mol\u00e9culas estructurales fundamentales de las prote\u00ednas, y estas prote\u00ednas son las que desempe\u00f1an funciones esenciales para el correcto funcionamiento celular y de los \u00f3rganos.<\/p>\n\n\n\n<p>La prueba diagn\u00f3stica se suele indicar por el personal m\u00e9dico bajo sospecha durante el seguimiento del paciente al presentar baja estatura, braquidactilia y\/o rasgos faciales caracter\u00edsticos. La edad en la que se diagnostican a las personas afectadas es muy variable, aunque cada vez se consiguen m\u00e1s diagn\u00f3sticos a edades tempranas que permiten una mejor monitorizaci\u00f3n y prevenci\u00f3n de los s\u00edntomas de la enfermedad.<\/p>\n\n\n\n<h3 class=\"wp-block-heading\">Tratamientos y terapias<\/h3>\n\n\n\n<p>Actualmente no existe cura para el s\u00edndrome de Myhre. Los tratamientos disponibles son los espec\u00edficos para los distintos s\u00edntomas que presentan las personas afectadas y van m\u00e1s dirigidos a la prevenci\u00f3n que a la cura sintom\u00e1tica.<\/p>\n\n\n\n<p>El diagn\u00f3stico, la atenci\u00f3n temprana y un seguimiento regular son cruciales para dar a la persona afectada las condiciones \u00f3ptimas para su desarrollo y que pueda vivir una vida plena.&nbsp;<\/p>\n\n\n\n<p>Para ello es muy importante garantizar un seguimiento m\u00e9dico multidisciplinar que incluya m\u00e9dicos de atenci\u00f3n primaria, especialistas en cardiolog\u00eda, gen\u00e9tica, neumolog\u00eda, neurolog\u00eda, ortop\u00e9dia y displasias esquel\u00e9ticas, fisioterapia, oftalmolog\u00eda, otorrinolaringolog\u00eda, endocrinolog\u00eda y otros especialistas de la salud como los psic\u00f3logos.&nbsp;<\/p>\n\n\n\n<p>Dada la complejidad del seguimiento de estos pacientes es altamente recomendable asignar un coordinador\/a del caso, que puede ser el m\u00e9dico de cabecera, el genetista o el profesional que considere la familia, para que facilite y coordine las visitas con los distintos especialistas y asegure el mejor pron\u00f3stico para el paciente.<\/p>\n\n\n\n<h3 class=\"wp-block-heading\">Recursos<\/h3>\n\n\n\n<p>El Manual del S\u00edndrome de Myhre para el Paciente y la Familia es un recurso integral desarrollado por la <a href=\"https:\/\/www.myhresyndrome.org\/\">Myhre Syndrome Foundation<\/a>, una organizaci\u00f3n sin \u00e1nimo de lucro con sede en Estados Unidos dedicada a apoyar a las familias afectadas por este s\u00edndrome. Este manual ofrece informaci\u00f3n detallada sobre el diagn\u00f3stico, las caracter\u00edsticas cl\u00ednicas y las opciones de manejo del s\u00edndrome de Myhre, proporcionando una gu\u00eda valiosa tanto para pacientes como para sus familias. La versi\u00f3n en espa\u00f1ol del manual est\u00e1 disponible en el siguiente enlace:<\/p>\n\n\n\n<div class=\"wp-block-buttons is-layout-flex wp-block-buttons-is-layout-flex\">\n<div class=\"wp-block-button\"><a class=\"wp-block-button__link wp-element-button\" href=\"https:\/\/asmemyhre.es\/wp-content\/uploads\/2025\/02\/ES.ManualdelSi\u2560undromedeMyhreparaelPacienteylaFamilia2022.pdf\">Descargar Manual<\/a><\/div>\n<\/div>\n\n\n\n<p>Este documento es una traducci\u00f3n autorizada del manual original en ingl\u00e9s, asegurando que la informaci\u00f3n sea accesible para la comunidad hispanohablante.<\/p>\n\n\n\n<p><\/p>\n","protected":false},"excerpt":{"rendered":"<p>S\u00edndrome de Myhre Descripci\u00f3n general El s\u00edndrome de Myhre es un trastorno gen\u00e9tico extremadamente raro causado por una mutaci\u00f3n en el gen SMAD4. Las mutaciones que producen el s\u00edndrome, generalmente, son causadas de novo produci\u00e9ndose por primera vez en la persona afectada y sin ser heredadas por parte de los padres. Su transmisi\u00f3n es autos\u00f3mica [&hellip;]<\/p>\n","protected":false},"author":1,"featured_media":0,"parent":0,"menu_order":0,"comment_status":"closed","ping_status":"closed","template":"","meta":{"footnotes":""},"class_list":["post-20","page","type-page","status-publish","hentry"],"yoast_head":"<!-- This site is optimized with the Yoast SEO plugin v27.5 - https:\/\/yoast.com\/product\/yoast-seo-wordpress\/ -->\n<title>S\u00edndrome de Myhre - ASME<\/title>\n<meta name=\"robots\" content=\"index, follow, max-snippet:-1, max-image-preview:large, max-video-preview:-1\" \/>\n<link rel=\"canonical\" href=\"https:\/\/asmemyhre.es\/index.php\/sindrome-de-myhre\/\" \/>\n<meta property=\"og:locale\" content=\"es_ES\" \/>\n<meta property=\"og:type\" content=\"article\" \/>\n<meta property=\"og:title\" content=\"S\u00edndrome de Myhre - ASME\" \/>\n<meta property=\"og:description\" content=\"S\u00edndrome de Myhre Descripci\u00f3n general El s\u00edndrome de Myhre es un trastorno gen\u00e9tico extremadamente raro causado por una mutaci\u00f3n en el gen SMAD4. Las mutaciones que producen el s\u00edndrome, generalmente, son causadas de novo produci\u00e9ndose por primera vez en la persona afectada y sin ser heredadas por parte de los padres. Su transmisi\u00f3n es autos\u00f3mica [&hellip;]\" \/>\n<meta property=\"og:url\" content=\"https:\/\/asmemyhre.es\/index.php\/sindrome-de-myhre\/\" \/>\n<meta property=\"og:site_name\" content=\"ASME\" \/>\n<meta property=\"article:publisher\" content=\"https:\/\/www.facebook.com\/asme.myhre\" \/>\n<meta property=\"article:modified_time\" content=\"2025-03-20T14:58:32+00:00\" \/>\n<meta name=\"twitter:card\" content=\"summary_large_image\" \/>\n<meta name=\"twitter:label1\" content=\"Tiempo de lectura\" \/>\n\t<meta name=\"twitter:data1\" content=\"4 minutos\" \/>\n<script type=\"application\/ld+json\" class=\"yoast-schema-graph\">{\"@context\":\"https:\\\/\\\/schema.org\",\"@graph\":[{\"@type\":\"WebPage\",\"@id\":\"https:\\\/\\\/asmemyhre.es\\\/index.php\\\/sindrome-de-myhre\\\/\",\"url\":\"https:\\\/\\\/asmemyhre.es\\\/index.php\\\/sindrome-de-myhre\\\/\",\"name\":\"S\u00edndrome de Myhre - ASME\",\"isPartOf\":{\"@id\":\"https:\\\/\\\/asmemyhre.es\\\/#website\"},\"datePublished\":\"2025-02-07T15:36:33+00:00\",\"dateModified\":\"2025-03-20T14:58:32+00:00\",\"breadcrumb\":{\"@id\":\"https:\\\/\\\/asmemyhre.es\\\/index.php\\\/sindrome-de-myhre\\\/#breadcrumb\"},\"inLanguage\":\"es\",\"potentialAction\":[{\"@type\":\"ReadAction\",\"target\":[\"https:\\\/\\\/asmemyhre.es\\\/index.php\\\/sindrome-de-myhre\\\/\"]}]},{\"@type\":\"BreadcrumbList\",\"@id\":\"https:\\\/\\\/asmemyhre.es\\\/index.php\\\/sindrome-de-myhre\\\/#breadcrumb\",\"itemListElement\":[{\"@type\":\"ListItem\",\"position\":1,\"name\":\"Portada\",\"item\":\"https:\\\/\\\/asmemyhre.es\\\/\"},{\"@type\":\"ListItem\",\"position\":2,\"name\":\"S\u00edndrome de Myhre\"}]},{\"@type\":\"WebSite\",\"@id\":\"https:\\\/\\\/asmemyhre.es\\\/#website\",\"url\":\"https:\\\/\\\/asmemyhre.es\\\/\",\"name\":\"Asociaci\u00f3n S\u00edndrome de Myhre Espa\u00f1a\",\"description\":\"Asociaci&oacute;n S&iacute;ndrome De Myhre Espa&ntilde;a\",\"publisher\":{\"@id\":\"https:\\\/\\\/asmemyhre.es\\\/#organization\"},\"alternateName\":\"ASME\",\"potentialAction\":[{\"@type\":\"SearchAction\",\"target\":{\"@type\":\"EntryPoint\",\"urlTemplate\":\"https:\\\/\\\/asmemyhre.es\\\/?s={search_term_string}\"},\"query-input\":{\"@type\":\"PropertyValueSpecification\",\"valueRequired\":true,\"valueName\":\"search_term_string\"}}],\"inLanguage\":\"es\"},{\"@type\":\"Organization\",\"@id\":\"https:\\\/\\\/asmemyhre.es\\\/#organization\",\"name\":\"ASME\",\"url\":\"https:\\\/\\\/asmemyhre.es\\\/\",\"logo\":{\"@type\":\"ImageObject\",\"inLanguage\":\"es\",\"@id\":\"https:\\\/\\\/asmemyhre.es\\\/#\\\/schema\\\/logo\\\/image\\\/\",\"url\":\"https:\\\/\\\/asmemyhre.es\\\/wp-content\\\/uploads\\\/2025\\\/02\\\/image3.png\",\"contentUrl\":\"https:\\\/\\\/asmemyhre.es\\\/wp-content\\\/uploads\\\/2025\\\/02\\\/image3.png\",\"width\":1530,\"height\":722,\"caption\":\"ASME\"},\"image\":{\"@id\":\"https:\\\/\\\/asmemyhre.es\\\/#\\\/schema\\\/logo\\\/image\\\/\"},\"sameAs\":[\"https:\\\/\\\/www.facebook.com\\\/asme.myhre\",\"https:\\\/\\\/www.instagram.com\\\/asme.myhre\\\/\"]}]}<\/script>\n<!-- \/ Yoast SEO plugin. -->","yoast_head_json":{"title":"S\u00edndrome de Myhre - ASME","robots":{"index":"index","follow":"follow","max-snippet":"max-snippet:-1","max-image-preview":"max-image-preview:large","max-video-preview":"max-video-preview:-1"},"canonical":"https:\/\/asmemyhre.es\/index.php\/sindrome-de-myhre\/","og_locale":"es_ES","og_type":"article","og_title":"S\u00edndrome de Myhre - ASME","og_description":"S\u00edndrome de Myhre Descripci\u00f3n general El s\u00edndrome de Myhre es un trastorno gen\u00e9tico extremadamente raro causado por una mutaci\u00f3n en el gen SMAD4. Las mutaciones que producen el s\u00edndrome, generalmente, son causadas de novo produci\u00e9ndose por primera vez en la persona afectada y sin ser heredadas por parte de los padres. Su transmisi\u00f3n es autos\u00f3mica [&hellip;]","og_url":"https:\/\/asmemyhre.es\/index.php\/sindrome-de-myhre\/","og_site_name":"ASME","article_publisher":"https:\/\/www.facebook.com\/asme.myhre","article_modified_time":"2025-03-20T14:58:32+00:00","twitter_card":"summary_large_image","twitter_misc":{"Tiempo de lectura":"4 minutos"},"schema":{"@context":"https:\/\/schema.org","@graph":[{"@type":"WebPage","@id":"https:\/\/asmemyhre.es\/index.php\/sindrome-de-myhre\/","url":"https:\/\/asmemyhre.es\/index.php\/sindrome-de-myhre\/","name":"S\u00edndrome de Myhre - ASME","isPartOf":{"@id":"https:\/\/asmemyhre.es\/#website"},"datePublished":"2025-02-07T15:36:33+00:00","dateModified":"2025-03-20T14:58:32+00:00","breadcrumb":{"@id":"https:\/\/asmemyhre.es\/index.php\/sindrome-de-myhre\/#breadcrumb"},"inLanguage":"es","potentialAction":[{"@type":"ReadAction","target":["https:\/\/asmemyhre.es\/index.php\/sindrome-de-myhre\/"]}]},{"@type":"BreadcrumbList","@id":"https:\/\/asmemyhre.es\/index.php\/sindrome-de-myhre\/#breadcrumb","itemListElement":[{"@type":"ListItem","position":1,"name":"Portada","item":"https:\/\/asmemyhre.es\/"},{"@type":"ListItem","position":2,"name":"S\u00edndrome de Myhre"}]},{"@type":"WebSite","@id":"https:\/\/asmemyhre.es\/#website","url":"https:\/\/asmemyhre.es\/","name":"Asociaci\u00f3n S\u00edndrome de Myhre Espa\u00f1a","description":"Asociaci&oacute;n S&iacute;ndrome De Myhre Espa&ntilde;a","publisher":{"@id":"https:\/\/asmemyhre.es\/#organization"},"alternateName":"ASME","potentialAction":[{"@type":"SearchAction","target":{"@type":"EntryPoint","urlTemplate":"https:\/\/asmemyhre.es\/?s={search_term_string}"},"query-input":{"@type":"PropertyValueSpecification","valueRequired":true,"valueName":"search_term_string"}}],"inLanguage":"es"},{"@type":"Organization","@id":"https:\/\/asmemyhre.es\/#organization","name":"ASME","url":"https:\/\/asmemyhre.es\/","logo":{"@type":"ImageObject","inLanguage":"es","@id":"https:\/\/asmemyhre.es\/#\/schema\/logo\/image\/","url":"https:\/\/asmemyhre.es\/wp-content\/uploads\/2025\/02\/image3.png","contentUrl":"https:\/\/asmemyhre.es\/wp-content\/uploads\/2025\/02\/image3.png","width":1530,"height":722,"caption":"ASME"},"image":{"@id":"https:\/\/asmemyhre.es\/#\/schema\/logo\/image\/"},"sameAs":["https:\/\/www.facebook.com\/asme.myhre","https:\/\/www.instagram.com\/asme.myhre\/"]}]}},"_links":{"self":[{"href":"https:\/\/asmemyhre.es\/index.php\/wp-json\/wp\/v2\/pages\/20","targetHints":{"allow":["GET"]}}],"collection":[{"href":"https:\/\/asmemyhre.es\/index.php\/wp-json\/wp\/v2\/pages"}],"about":[{"href":"https:\/\/asmemyhre.es\/index.php\/wp-json\/wp\/v2\/types\/page"}],"author":[{"embeddable":true,"href":"https:\/\/asmemyhre.es\/index.php\/wp-json\/wp\/v2\/users\/1"}],"replies":[{"embeddable":true,"href":"https:\/\/asmemyhre.es\/index.php\/wp-json\/wp\/v2\/comments?post=20"}],"version-history":[{"count":7,"href":"https:\/\/asmemyhre.es\/index.php\/wp-json\/wp\/v2\/pages\/20\/revisions"}],"predecessor-version":[{"id":391,"href":"https:\/\/asmemyhre.es\/index.php\/wp-json\/wp\/v2\/pages\/20\/revisions\/391"}],"wp:attachment":[{"href":"https:\/\/asmemyhre.es\/index.php\/wp-json\/wp\/v2\/media?parent=20"}],"curies":[{"name":"wp","href":"https:\/\/api.w.org\/{rel}","templated":true}]}}